d 6388842.
6
Calculate the highest common factor of 1506415 and 215875.
785
What is the highest common divisor of 4120 and 19912166?
206
What is the highest common divisor of 264819 and 7195326?
6459
Calculate the greatest common factor of 8679307 and 5524246.
11557
What is the highest common divisor of 527 and 15549724?
31
Calculate the highest common factor of 2061759622 and 2444.
1222
Calculate the highest common factor of 92148 and 1884646.
2194
Calculate the highest common factor of 32034 and 27075.
57
What is the highest common divisor of 550 and 37774?
22
Calculate the greatest common divisor of 1136 and 947536.
16
Calculate the greatest common divisor of 341685 and 5373.
27
Calculate the greatest common factor of 184975 and 1504715.
755
Calculate the greatest common factor of 3612511 and 69797.
413
Calculate the highest common divisor of 526371 and 1020.
51
What is the highest common factor of 175374383 and 2519?
229
Calculate the greatest common factor of 8836 and 138453493.
2209
Calculate the highest common factor of 8 and 1627688.
8
Calculate the greatest common factor of 36426 and 6513249.
1401
What is the greatest common factor of 540 and 51287445?
135
What is the greatest common divisor of 17192 and 89684?
28
What is the highest common divisor of 564 and 437088?
12
Calculate the greatest common divisor of 657280 and 60320.
2080
Calculate the highest common divisor of 2000 and 926375.
125
What is the greatest common factor of 6035 and 97599085?
355
Calculate the greatest common divisor of 89 and 123463737.
89
Calculate the highest common factor of 6433980 and 4620.
420
Calculate the highest common divisor of 757963855 and 652.
163
Calculate the highest common divisor of 2573 and 269081767.
2573
What is the greatest common divisor of 11 and 319698654?
11
Calculate the greatest common factor of 2323791 and 4743.
279
What is the greatest common divisor of 193242 and 2730?
42
What is the greatest common factor of 25116 and 12282816?
1092
What is the greatest common divisor of 516102 and 126?
6
What is the highest common divisor of 332268249 and 921?
921
What is the highest common factor of 575740 and 12?
4
What is the greatest common divisor of 6720 and 262888640?
2240
What is the highest common divisor of 1725 and 608856?
69
Calculate the greatest common divisor of 2146215 and 2271585.
2985
What is the greatest common factor of 38824 and 117316?
844
Calculate the greatest common factor of 185076 and 1257120.
3492
What is the greatest common divisor of 88359 and 222?
3
What is the greatest common factor of 56 and 1112398?
14
What is the highest common divisor of 19591365 and 60?
15
What is the greatest common factor of 21 and 3112091?
1
What is the highest common factor of 2097100 and 3600?
100
What is the greatest common factor of 42488770 and 870?
290
Calculate the greatest common divisor of 43432856 and 8.
8
Calculate the greatest common factor of 1040 and 5945.
5
Calculate the highest common divisor of 119590450 and 875.
175
What is the highest common divisor of 1512090 and 25440?
1590
What is the highest common factor of 165 and 138096915?
165
Calculate the highest common divisor of 191680994 and 566.
566
What is the greatest common divisor of 710889159 and 477?
159
What is the greatest common factor of 7805 and 29535681?
1561
Calculate the greatest common divisor of 12 and 7999252.
4
Calculate the highest common factor of 312 and 97421532.
156
What is the greatest common divisor of 231 and 22444499?
77
What is the greatest common divisor of 5434032 and 20?
4
Calculate the greatest common factor of 25032 and 326508.
84
What is the greatest common divisor of 200257187 and 91?
13
What is the greatest common factor of 501872 and 793137?
4481
What is the greatest common divisor of 614842 and 828082?
3554
What is the greatest common factor of 3689142 and 1991?
181
Calculate the greatest common factor of 977866 and 826.
118
Calculate the highest common factor of 34556 and 334.
2
Calculate the greatest common factor of 38871875 and 23625.
875
Calculate the greatest common divisor of 4175 and 39025.
25
Calculate the greatest common factor of 18972242 and 86778.
3214
What is the highest common divisor of 59313696 and 69888?
1248
Calculate the greatest common divisor of 1084 and 21548.
4
What is the highest common factor of 162537 and 4947?
51
Calculate the greatest common factor of 50919 and 86658.
33
Calculate the highest common divisor of 1467 and 43251561.
1467
Calculate the greatest common factor of 1990659 and 1611.
537
Calculate the greatest common divisor of 1476 and 562274.
82
What is the greatest common divisor of 167864 and 1208?
8
Calculate the highest common divisor of 118 and 2600366.
118
Calculate the greatest common divisor of 328515 and 628975.
905
Calculate the highest common divisor of 4 and 24891578.
2
Calculate the highest common factor of 187884 and 10188.
36
Calculate the greatest common factor of 1292101 and 4075.
163
Calculate the greatest common divisor of 501 and 102935961.
501
What is the highest common divisor of 106900 and 2459769?
1069
What is the greatest common divisor of 101 and 12307153?
101
Calculate the greatest common factor of 30098376 and 21.
21
Calculate the greatest common factor of 110652576 and 4.
4
Calculate the greatest common divisor of 20915825 and 30275.
175
Calculate the highest common divisor of 121 and 65519443.
121
What is the highest common divisor of 69300 and 8657460?
1260
What is the highest common factor of 6417 and 973958?
713
Calculate the greatest common divisor of 1456 and 763945.
91
What is the highest common factor of 13 and 21415693?
13
Calculate the highest common divisor of 20366464 and 16.
16
What is the greatest common factor of 652423 and 2448866?
829
Calculate the highest common divisor of 38659 and 66397.
67
Calculate the greatest common factor of 5947 and 277647.
19
Calculate the greatest common divisor of 38930805 and 2961.
423
Calculate the greatest common factor of 7653245 and 1305.
145
Calculate the highest common factor of 32466 and 11270.
14
Calculate the greatest common factor of 2010910 and 4664.
22
What is the highest common factor of 2383250 and 16577887?
9533
What is the greatest common divisor of 3741 and 1563477?
87
Calculate the greatest common factor of 22103736 and 2852.
92
What is the greatest common factor of 1812030 and 750?
30
What is the highest common factor of 1605 and 62527269?
321
Calculate the highest common divisor of 1191535 and 100.
5
Calculate the greatest common divisor of 140 and 868070.
70
Calculate the greatest common divisor of 1595 and 76909943.
319
Calculate the highest common factor of 37 and 399471277.
37
Calculate the greatest common divisor of 100 and 23925540.
20
What is the highest common divisor of 9825550 and 1257?
419
Calculate the greatest common factor of 19606820 and 106.
106
What is the greatest common divisor of 319896 and 14856?
24
Calculate the greatest common divisor of 4990 and 2187140.
10
Calculate the greatest common divisor of 62371 and 700870.
643
Calculate the greatest common divisor of 297 and 23850860.
11
What is the highest common divisor of 2324982 and 16599?
33
Calculate the highest common factor of 87567445 and 123060.
10255
Calculate the greatest common factor of 1368038 and 55722.
74
Calculate the highest common divisor of 7777952 and 40768.
2912
Calculate the highest common factor of 64870011 and 3007.
3007
Calculate the highest common factor of 15300 and 11107375.
425
Calculate the greatest common divisor of 14320 and 2436190.
1790
Calculate the highest common factor of 78635861 and 89.
89
Calculate the greatest common factor of 4740072 and 13251.
1893
What is the greatest common factor of 475752292 and 2612?
2612
Calculate the greatest common factor of 297709498 and 6186.
2062
Calculate the greatest common factor of 3830719 and 8824.
1103
Calculate the highest common factor of 28 and 11936160.
4
Calculate the highest common factor of 41613237 and 82.
41
Calculate the greatest common factor of 1223984 and 33596.
908
What is the highest common divisor of 2677246 and 1518?
506
Calculate the greatest common divisor of 27559 and 281666.
217
What is the highest common factor of 6425000 and 150?
50
C